g) be the third derivative of g**5/60 + 5*g**4/24 - 5*g**3/6 - 76*g**2. Give r(-5).
-5
Let u = 1879 + -1872. Let c(q) = 2 + 3 - q - 4. What is c(u)?
-6
Suppose 19*u = 25*u - 216. Suppose -11*h + 2*h = u. Let v(a) = -a**3 - 3*a**2 + a + 3*a - a + 6. Determine v(h).
10
Let v(a) be the first derivative of -a**2 + 4/3*a**3 - 18 + 1/4*a**4 + a. What is v(-4)?
9
Let c be (-3)/(3*3/(-12)). Let r(p) = 3*p**2 + 12*p. Let l(o) = -11*o**2 - 38*o + 1. Let f(z) = 2*l(z) + 7*r(z). Calculate f(c).
18
Let o = 34 - 32. Let z(q) = -4*q + 12*q**o + 1 + 0*q + 6 - 13*q**2. What is z(-5)?
2
Suppose 0 = -4*r + 2 + 22. Let c(t) = -299 + t**2 + 262 - 10*t + 44. Give c(r).
-17
Let z(j) = j**2 + 7*j + 17. Let v(b) = -8*b + 91. Let c be v(12). Give z(c).
7
Let i(h) = 3 + 0 + 9 - 3*h + h - 4. Calculate i(0).
8
Let c(j) = 6*j**2 - j - 4. Suppose -79*t - 94 = -126*t. Give c(t).
18
Let b(m) = m + 40*m**3 - 26*m**3 + 4 - 15*m**3. Give b(0).
4
Let c(k) = -7*k + 1. Let y(i) = 72*i - 12. Let u(q) = 12*c(q) + y(q). Give u(-2).
24
Let j(k) = -k**3 - k**2 + 3. Let s be j(0). Let v = -29 + 26. Let d(p) = -1. Let z(f) = 4*f. Let q(o) = v*d(o) - z(o). What is q(s)?
-9
Let x(t) = -t**2 - 11*t + 7. Let h(l) = -6*l**2 - 58*l + 33. Let z(r) = 2*h(r) - 11*x(r). Give z(3).
-5
Let z(q) = q**2 - 2*q + 5. Let d be z(0). Suppose d*w - 8 = 2. Let r(f) = -f**3 - 3*f**2 + f + 2. What is r(w)?
-16
Let t(b) = 4*b**2 - 24*b - 13. Let o(p) = p**2 - 3*p - 2. Let w(g) = -6*o(g) + t(g). Give w(-5).
-21
Let p(d) = 2*d - 1. Let t(a) = 3*a**2 - 6*a + 5. Let y(s) = -4*p(s) - t(s). Give y(-1).
-2
Let t(k) = -4*k - 5. Let c = -125 + 118. Let i(w) = -3*w**2 - 24*w - 16. Let h be i(c). What is t(h)?
-25
Let g(w) = -6 - 2*w + 1 - 1 - 4. Give g(-8).
6
Let y(m) = 282*m + 5 - 6*m**2 - 282*m - m**3. Let x be 6 + -1 + (-2 - -1). Suppose -5*n + 5*j - 5 = 0, 4*n + 39 = -x*j + j. What is y(n)?
5
Let m(o) = o**3 + 8*o**2 + 9*o + 6. Let c = -219 + 213. Give m(c).
24
Let d(h) = -2 + 80*h - 83*h + 4. Give d(3).
-7
Suppose 14*s = g + 10*s - 17, -s = -g + 11. Let q(b) = b - 6. Calculate q(g).
3
Let a be 1 + 20/6 + 2/3. Let h(u) = u**2 - 8*u + 6. Calculate h(a).
-9
Let t(l) = l**3 - 5*l**2 - 6*l + 4. Suppose -3*v + 7*v = -16. Let z be 3 + 9/(-1 - v). Give t(z).
4
Let x(g) = 0*g - 2 - 1 + g + 2. Suppose -2*b + q + 12 = 0, 3*b - 5*q - 40 = -2*b. Let o = -3 + b. What is x(o)?
0
Suppose -10*v = -14*v. Let a(g) be the third derivative of g**4/24 + 2*g**3/3 + 4*g**2. What is a(v)?
4
Let y(n) = -n**3 + 6*n**2 + 2*n - 5. Suppose 37 = 3*w - 53. Suppose 2*j = -3*j + w. Determine y(j).
7
Let q be 10/2 - -2*(-44)/8. Let d(n) = n**2 + 8*n + 3. Determine d(q).
-9
Let s(u) be the first derivative of -8*u**3/3 + u**2/2 - 16. Let v(y) = y**3 - y**2 - 2*y + 1. Let g be v(1). Calculate s(g).
-9
Let i(v) = -1 - 376*v + 377*v + 2. What is i(-2)?
-1
Let w(v) be the third derivative of 3*v**2 + 0*v + 1/24*v**4 - 5/6*v**3 + 0. Calculate w(-7).
-12
Let r(s) = 0*s**2 + 2*s + 2*s - 2*s**2 - 3. Suppose 18 = 5*k - h, 62*h - 10 = -k + 63*h. Give r(k).
-3
Let q = 6 + -4. Let l(u) be the third derivative of -u**5/30 - u**4/8 + u**3/6 + 1589*u**2. Determine l(q).
-13
Let o = 2 + -2. Let k(u) be the second derivative of u**6/720 + u**5/60 + u**4/6 - 2*u. Let d(x) be the third derivative of k(x). Give d(o).
2
Let p(a) be the third derivative of -a**5/24 - a**4/24 + 22*a**3/3 + 37*a**2. Let x(v) be the first derivative of p(v). Give x(-3).
14
Let x(u) = u - 16. Let w be ((-1)/2)/(161/(-4508)). Calculate x(w).
-2
Let t(v) = v**2 + 12*v - 5. Let o be t(-11). Let w be 1 + -1 - (13 + -3). Let m = w - o. Let z(b) = -b + 7. Give z(m).
1
Let t be -1 + (-2)/(-2) + -1. Let c be t/(-3) - 7/21. Suppose c = -10*b + 9*b. Let l(a) = a**2 + 5. Calculate l(b).
5
Let k(q) = -q**3 + 3*q**2 + 6*q - 14. Suppose 0 = x - 3*f - 13, 15 = -5*f. Give k(x).
-6
Let u(p) = p**2 + 2*p - 1. Suppose -40*s + 2 = -38*s. Give u(s).
2
Let m(x) be the first derivative of x**3/3 - 9*x**2/2 + 9*x - 185. Calculate m(5).
-11
Let h = 1 + -2. Let v(u) = 6*u**3 - 5*u - 4. Let o(b) be the first derivative of b**4/4 - b**2/2 - b + 19. Let j(y) = -3*o(y) + v(y). Calculate j(h).
-2
Suppose -63*k + 15 = -68*k. Let r(i) = 2*i - 3. What is r(k)?
-9
Suppose -2*h + 62 = 74. Let u(m) be the second derivative of m**5/20 + m**4/2 - m**3/6 - m**2/2 + 15*m. Determine u(h).
5
Let o(h) = -h**3 + h**2 - h + 10. Let x = 21 + -16. Let j(b) = b**2 - 6*b + 7. Let f be j(x). Suppose 5*l + 8 = -2*k, -2*k = -3*l + f*k + 16. Give o(l).
10
Let g(r) = -2*r - 3. Suppose t + 4*t = 10. Let a = 0 - -3. Suppose -2*s - 1 = -a*z, -3*z - t = s + 3. Give g(s).
1
Let k(x) be the second derivative of x**4/12 + 7*x**3/6 + 2*x**2 + 3*x. What is k(-5)?
-6
Let z(l) = -13*l**3 + 2*l**2 + 2*l + 1. Let g(d) = 3*d**2 - 6*d + 2. Let u be g(1). What is z(u)?
14
Let w(h) = h**3 - 8*h**2 - 12*h + 1. Let d be 9/2*(-38)/(-19). Calculate w(d).
-26
Let p = -30 - -32. Let d(j) = 6 + 2*j - 2*j - 4*j + 7*j**2. Let t(i) = 3*i**2 - 2*i + 3. Let z(c) = -2*d(c) + 5*t(c). Give z(p).
3
Let o(a) = 2*a**2 - 16*a - 1. Let t(k) = 7*k**2 - 45*k - 3. Let v(j) = -17*o(j) + 6*t(j). Give v(1).
9
Let j(f) be the first derivative of -f**3/3 - f**2/2 + f - 3. Let v(i) = -2*i**2 - i + 6. Let u = -6 - -3. Let n(k) = u*j(k) + v(k). Calculate n(-3).
6
Let r(x) = 14*x**3 + 2*x**2 - 1. Let n(l) = -l**3 + 10*l**2 + 3*l - 15. Let i be n(10). Let g be 160/i*(-9)/6. Let f = g + 17. Give r(f).
15
Let q be 1/4 + (-4)/16. Let f(g) = 0 - g**3 + 1 + g - 6*g**2 - 6*g + q*g. Let o be (60/24 - 0)/((-2)/4). What is f(o)?
1
Let i be 1/(-3) - (-86)/6. Let r = 114 + -104. Let v = r - i. Let s(g) = g + 9. Calculate s(v).
5
Let c(l) = -3*l**3 - 2*l**2 - 2*l - 1. Let j = 92 - 93. What is c(j)?
2
Let z(t) = -4*t - 4. Let s(y) = 9*y + 7. Let d(n) = 6*s(n) + 13*z(n). What is d(8)?
6
Let r(g) = -g**3 + 6*g**2 - g + 4. Let b = 2509 - 2502. Determine r(b).
-52
Suppose -2*q - 1 = 3*f - 6*f, 5*q = 3*f - 25. Let p(x) be the third derivative of x**5/60 + 3*x**4/8 + 2*x**3 + 29*x**2. Determine p(q).
4
Let m = -39 - 81. Let z be ((-3)/15)/(8/m). Let p(d) = d**3 - 3*d**2 - d - 3. Determine p(z).
-6
Let g(p) = p**2 + 5*p. Suppose 3*q + 4*i - 98 = 0, -5*i - 46 = -2*q + 4. Let x be 3*-14*5/q. Calculate g(x).
14
Let o(k) = k**3 - 4*k**2 + 4. Let p(t) = 3*t**2 + 4*t + 1. Let i be p(-3). Let v = i + -12. Suppose -2*g - v*z + 10 = 0, -4*z - z = -4*g + 7. Give o(g).
-5
Suppose 7 = 8*b - 17. Let q(d) = -2 + 3 - d**2 + 2*d**2 + 8*d - b*d. Determine q(-5).
1
Suppose 8 = -3*i + 7*i + 3*k, -i + k = -2. Let a(h) = -h + 2 + 2*h**i - 4*h**2 + 4*h**2 + h**3. Let w(z) = -4*z - 22. Let q be w(-5). Determine a(q).
4
Suppose -3*i - 4*p = -35, 0 = 4*i - p + 3*p - 30. Let q(s) = -27 + 11 + 6*s + 7 - s**2 + 5. Give q(i).
1
Let v be (-2)/4 + (10 - 19/2). Let f(u) = -u**3 - u**2 + u - 31. Determine f(v).
-31
Suppose 10*b - 11*b = 5. Let s be b - -2*3/2. Let i(o) = -o**3 - 4*o**2 + 2*o + 3. What is i(s)?
-9
Let k be (-1 - -2)*6*2. Let a = -7 + k. Let b(c) = -3*c + 4*c + 23 - 25. Determine b(a).
3
Let s(m) = 1 + 4*m + 3492*m**3 - 2*m - 3 - 3488*m**3. Give s(2).
34
Let j(w) be the first derivative of w**4/4 + 5*w**3/3 - 5*w - 16. Determine j(-5).
-5
Let h(j) = j. Let f(d) = 4*d + 5. Let p(w) = -w - 1. Let y(b) = -3*f(b) - 15*p(b). Let x(o) = 2*h(o) - y(o). Give x(-4).
4
Let u(d) = d**2 - 3*d - 6. Let s be u(4). Let t(i) = 3*i - 3. Determine t(s).
-9
Suppose -3*q + 20 = 2*q. Suppose 4*p = -q*l - 0*l + 20, l - 2 = 2*p. Let a be p/((-2)/(-2)) + -7. Let h(w) = -w. Calculate h(a).
6
Let i(p) = -p - 3. Let t(z) = -z + 29. Let x be t(14). Suppose -6 = -4*a + 10. Suppose -4*u = m + x, -2*m = 2*m - a*u. Give i(m).
0
Suppose -2*t + 16 = 2*t. Suppose -t*b - c - 4 = -32, 2*b + 3*c - 14 = 0. Let r(z) = -z**2 + 8*z - 4. Give r(b).
3
Let a(t) be the first derivative of -1/2*t**2 - 5*t + 47. Determine a(-7).
2
Let g(q) = -q**2 - 7*q - 14. Let c be (-792)/(-66)*2/(-4). What is g(c)?
-8
Let o(r) be the second derivative of -r**3/2 + 7*r**2 - 25*r. Calculate o(7).
-7
Let s(c) = -3*c - 10. Let v(d) = -d - 5. Let i(a) = -2*s(a) + 5*v(a). Let g be i(7). Let k(j) = 2*j**3 - j**2 - 2*j + 1. Calculate k(g).
9
Let l = -2 - -5. Let m be l/(1 - (-3)/6). Let r(n) = 5 + 3*n - 2*n**2 + 3*n**m - 2*n**2. Give r(5).
-5
Let d(q) = -2*q + 4 - q + 2*q - 11. Let b = 74 + -68. G